{"id":289,"date":"2021-04-25T05:36:10","date_gmt":"2021-04-25T05:36:10","guid":{"rendered":"http:\/\/resomag.cl\/?page_id=289"},"modified":"2021-05-08T04:43:39","modified_gmt":"2021-05-08T04:43:39","slug":"nosotros","status":"publish","type":"page","link":"https:\/\/resomag.cl\/?page_id=289","title":{"rendered":"Nosotros"},"content":{"rendered":"\t\t<div data-elementor-type=\"wp-page\" data-elementor-id=\"289\" class=\"elementor elementor-289\" data-elementor-post-type=\"page\">\n\t\t\t\t\t\t<section class=\"elementor-section elementor-top-section elementor-element elementor-element-677db604 elementor-section-height-min-height elementor-section-boxed elementor-section-height-default elementor-section-items-middle\" data-id=\"677db604\" data-element_type=\"section\" data-e-type=\"section\" data-settings=\"{&quot;background_background&quot;:&quot;classic&quot;}\">\n\t\t\t\t\t\t\t<div class=\"elementor-background-overlay\"><\/div>\n\t\t\t\t\t\t\t<div class=\"elementor-container elementor-column-gap-default\">\n\t\t\t\t\t<div class=\"elementor-column elementor-col-100 elementor-top-column elementor-element elementor-element-1e96837a\" data-id=\"1e96837a\" data-element_type=\"column\" data-e-type=\"column\">\n\t\t\t<div class=\"elementor-widget-wrap elementor-element-populated\">\n\t\t\t\t\t\t<div class=\"elementor-element elementor-element-73bc1f3a elementor-widget elementor-widget-heading\" data-id=\"73bc1f3a\" data-element_type=\"widget\" data-e-type=\"widget\" data-widget_type=\"heading.default\">\n\t\t\t\t<div class=\"elementor-widget-container\">\n\t\t\t\t\t<div class=\"elementor-heading-title elementor-size-default\">Nosotros<\/div>\t\t\t\t<\/div>\n\t\t\t\t<\/div>\n\t\t\t\t\t<\/div>\n\t\t<\/div>\n\t\t\t\t\t<\/div>\n\t\t<\/section>\n\t\t\t\t<section class=\"elementor-section elementor-top-section elementor-element elementor-element-75805fba elementor-section-content-middle elementor-section-boxed elementor-section-height-default elementor-section-height-default\" data-id=\"75805fba\" data-element_type=\"section\" data-e-type=\"section\">\n\t\t\t\t\t\t<div class=\"elementor-container elementor-column-gap-no\">\n\t\t\t\t\t<div class=\"elementor-column elementor-col-50 elementor-top-column elementor-element elementor-element-413c4146\" data-id=\"413c4146\" data-element_type=\"column\" data-e-type=\"column\">\n\t\t\t<div class=\"elementor-widget-wrap elementor-element-populated\">\n\t\t\t\t\t\t<div class=\"elementor-element elementor-element-4774a940 elementor-widget elementor-widget-heading\" data-id=\"4774a940\" data-element_type=\"widget\" data-e-type=\"widget\" data-widget_type=\"heading.default\">\n\t\t\t\t<div class=\"elementor-widget-container\">\n\t\t\t\t\t<div class=\"elementor-heading-title elementor-size-default\">Qui\u00e9nes Somos<\/div>\t\t\t\t<\/div>\n\t\t\t\t<\/div>\n\t\t\t\t<div class=\"elementor-element elementor-element-1caf1e1d elementor-widget elementor-widget-heading\" data-id=\"1caf1e1d\" data-element_type=\"widget\" data-e-type=\"widget\" data-widget_type=\"heading.default\">\n\t\t\t\t<div class=\"elementor-widget-container\">\n\t\t\t\t\t<h2 class=\"elementor-heading-title elementor-size-default\">Buscamos la excelencia en atenci\u00f3n y servicio<\/h2>\t\t\t\t<\/div>\n\t\t\t\t<\/div>\n\t\t\t\t<div class=\"elementor-element elementor-element-6521b8ef elementor-widget-divider--view-line elementor-widget elementor-widget-divider\" data-id=\"6521b8ef\" data-element_type=\"widget\" data-e-type=\"widget\" data-widget_type=\"divider.default\">\n\t\t\t\t<div class=\"elementor-widget-container\">\n\t\t\t\t\t\t\t<div class=\"elementor-divider\">\n\t\t\t<span class=\"elementor-divider-separator\">\n\t\t\t\t\t\t<\/span>\n\t\t<\/div>\n\t\t\t\t\t\t<\/div>\n\t\t\t\t<\/div>\n\t\t\t\t<div class=\"elementor-element elementor-element-15bbdb66 elementor-widget elementor-widget-text-editor\" data-id=\"15bbdb66\" data-element_type=\"widget\" data-e-type=\"widget\" data-widget_type=\"text-editor.default\">\n\t\t\t\t<div class=\"elementor-widget-container\">\n\t\t\t\t\t\t\t\t\t<p><strong>Resomag<\/strong> es un moderno centro de Imagenolog\u00eda en el campo de la salud, que brinda servicios integrales a nuestros pacientes en Antofagasta desde el 2011, procurando atender y satisfacer las necesidades de cientos de personas que concurren a nuestras modernas instalaciones para obtener resultados e informes certeros.\u00a0Buscamos la excelencia en atenci\u00f3n y servicio, promoviendo el profesionalismo y calidez a trav\u00e9s de nuestro personal altamente calificado que es posible encontrarlo en cada una de nuestras sucursales.\u00a0Contamos con tres sucursales en Antofagasta, abarcando m\u00e1s l\u00edneas de servicio y diversificando cada vez m\u00e1s los procedimientos para ayudar a nuestros pacientes en cada una de sus dificultades o necesidades.<\/p>\t\t\t\t\t\t\t\t<\/div>\n\t\t\t\t<\/div>\n\t\t\t\t\t<\/div>\n\t\t<\/div>\n\t\t\t\t<div class=\"elementor-column elementor-col-50 elementor-top-column elementor-element elementor-element-66ef04d\" data-id=\"66ef04d\" data-element_type=\"column\" data-e-type=\"column\">\n\t\t\t<div class=\"elementor-widget-wrap elementor-element-populated\">\n\t\t\t\t\t\t<div class=\"elementor-element elementor-element-47de9b8 elementor-widget elementor-widget-image\" data-id=\"47de9b8\" data-element_type=\"widget\" data-e-type=\"widget\" data-widget_type=\"image.default\">\n\t\t\t\t<div class=\"elementor-widget-container\">\n\t\t\t\t\t\t\t\t\t\t\t\t\t\t\t<img fetchpriority=\"high\" decoding=\"async\" width=\"605\" height=\"567\" src=\"https:\/\/resomag.cl\/wp-content\/uploads\/2021\/05\/DSC8438-1.jpg\" class=\"attachment-full size-full wp-image-574\" alt=\"\" srcset=\"https:\/\/resomag.cl\/wp-content\/uploads\/2021\/05\/DSC8438-1.jpg 605w, https:\/\/resomag.cl\/wp-content\/uploads\/2021\/05\/DSC8438-1-300x281.jpg 300w\" sizes=\"(max-width: 605px) 100vw, 605px\" \/>\t\t\t\t\t\t\t\t\t\t\t\t\t\t\t<\/div>\n\t\t\t\t<\/div>\n\t\t\t\t\t<\/div>\n\t\t<\/div>\n\t\t\t\t\t<\/div>\n\t\t<\/section>\n\t\t\t\t<section class=\"elementor-section elementor-top-section elementor-element elementor-element-8dde2d7 elementor-reverse-mobile elementor-section-boxed elementor-section-height-default elementor-section-height-default\" data-id=\"8dde2d7\" data-element_type=\"section\" data-e-type=\"section\" data-settings=\"{&quot;background_background&quot;:&quot;classic&quot;}\">\n\t\t\t\t\t\t\t<div class=\"elementor-background-overlay\"><\/div>\n\t\t\t\t\t\t\t<div class=\"elementor-container elementor-column-gap-default\">\n\t\t\t\t\t<div class=\"elementor-column elementor-col-50 elementor-top-column elementor-element elementor-element-731931c\" data-id=\"731931c\" data-element_type=\"column\" data-e-type=\"column\">\n\t\t\t<div class=\"elementor-widget-wrap elementor-element-populated\">\n\t\t\t\t\t\t<section class=\"elementor-section elementor-inner-section elementor-element elementor-element-371fc2e elementor-section-height-min-height elementor-section-content-bottom elementor-section-boxed elementor-section-height-default\" data-id=\"371fc2e\" data-element_type=\"section\" data-e-type=\"section\" data-settings=\"{&quot;background_background&quot;:&quot;classic&quot;}\">\n\t\t\t\t\t\t<div class=\"elementor-container elementor-column-gap-default\">\n\t\t\t\t\t<div class=\"elementor-column elementor-col-100 elementor-inner-column elementor-element elementor-element-bf5d7c4\" data-id=\"bf5d7c4\" data-element_type=\"column\" data-e-type=\"column\">\n\t\t\t<div class=\"elementor-widget-wrap\">\n\t\t\t\t\t\t\t<\/div>\n\t\t<\/div>\n\t\t\t\t\t<\/div>\n\t\t<\/section>\n\t\t\t\t\t<\/div>\n\t\t<\/div>\n\t\t\t\t<div class=\"elementor-column elementor-col-50 elementor-top-column elementor-element elementor-element-727b5bd\" data-id=\"727b5bd\" data-element_type=\"column\" data-e-type=\"column\">\n\t\t\t<div class=\"elementor-widget-wrap elementor-element-populated\">\n\t\t\t\t\t\t<section class=\"elementor-section elementor-inner-section elementor-element elementor-element-fa11fb4 elementor-section-height-min-height elementor-section-content-middle elementor-section-boxed elementor-section-height-default\" data-id=\"fa11fb4\" data-element_type=\"section\" data-e-type=\"section\" data-settings=\"{&quot;background_background&quot;:&quot;classic&quot;}\">\n\t\t\t\t\t\t<div class=\"elementor-container elementor-column-gap-default\">\n\t\t\t\t\t<div class=\"elementor-column elementor-col-100 elementor-inner-column elementor-element elementor-element-fe82523\" data-id=\"fe82523\" data-element_type=\"column\" data-e-type=\"column\" data-settings=\"{&quot;background_background&quot;:&quot;classic&quot;}\">\n\t\t\t<div class=\"elementor-widget-wrap elementor-element-populated\">\n\t\t\t\t\t\t<div class=\"elementor-element elementor-element-86a84d0 elementor-widget elementor-widget-heading\" data-id=\"86a84d0\" data-element_type=\"widget\" data-e-type=\"widget\" data-widget_type=\"heading.default\">\n\t\t\t\t<div class=\"elementor-widget-container\">\n\t\t\t\t\t<h3 class=\"elementor-heading-title elementor-size-default\">Nuestros profesionales<\/h3>\t\t\t\t<\/div>\n\t\t\t\t<\/div>\n\t\t\t\t<div class=\"elementor-element elementor-element-eb37a52 elementor-widget elementor-widget-text-editor\" data-id=\"eb37a52\" data-element_type=\"widget\" data-e-type=\"widget\" data-widget_type=\"text-editor.default\">\n\t\t\t\t<div class=\"elementor-widget-container\">\n\t\t\t\t\t\t\t\t\tNuestro equipo de trabajo est\u00e1 compuesto principalmente de Radi\u00f3logos, Tecn\u00f3logos M\u00e9dicos y personal cl\u00ednico profesional que cuenta con una comprobable y respetada trayectoria de trabajo, dejando un sello de excelencia en cada una de nuestras labores a trav\u00e9s del profesionalismo y criterio, con trato humano y de respeto por la vida y la salud de nuestros pacientes.\t\t\t\t\t\t\t\t<\/div>\n\t\t\t\t<\/div>\n\t\t\t\t\t<\/div>\n\t\t<\/div>\n\t\t\t\t\t<\/div>\n\t\t<\/section>\n\t\t\t\t\t<\/div>\n\t\t<\/div>\n\t\t\t\t\t<\/div>\n\t\t<\/section>\n\t\t\t\t<section class=\"elementor-section elementor-top-section elementor-element elementor-element-7af26e3 elementor-section-content-middle elementor-section-boxed elementor-section-height-default elementor-section-height-default\" data-id=\"7af26e3\" data-element_type=\"section\" data-e-type=\"section\">\n\t\t\t\t\t\t<div class=\"elementor-container elementor-column-gap-default\">\n\t\t\t\t\t<div class=\"elementor-column elementor-col-100 elementor-top-column elementor-element elementor-element-71c882a\" data-id=\"71c882a\" data-element_type=\"column\" data-e-type=\"column\">\n\t\t\t<div class=\"elementor-widget-wrap elementor-element-populated\">\n\t\t\t\t\t\t<section class=\"elementor-section elementor-inner-section elementor-element elementor-element-7d6e518 elementor-section-content-middle elementor-section-boxed elementor-section-height-default elementor-section-height-default\" data-id=\"7d6e518\" data-element_type=\"section\" data-e-type=\"section\">\n\t\t\t\t\t\t<div class=\"elementor-container elementor-column-gap-default\">\n\t\t\t\t\t<div class=\"elementor-column elementor-col-50 elementor-inner-column elementor-element elementor-element-4ea097d\" data-id=\"4ea097d\" data-element_type=\"column\" data-e-type=\"column\">\n\t\t\t<div class=\"elementor-widget-wrap elementor-element-populated\">\n\t\t\t\t\t\t<div class=\"elementor-element elementor-element-d1ca95d elementor-widget elementor-widget-heading\" data-id=\"d1ca95d\" data-element_type=\"widget\" data-e-type=\"widget\" data-widget_type=\"heading.default\">\n\t\t\t\t<div class=\"elementor-widget-container\">\n\t\t\t\t\t<h3 class=\"elementor-heading-title elementor-size-default\">Acreditaciones y certificaciones<\/h3>\t\t\t\t<\/div>\n\t\t\t\t<\/div>\n\t\t\t\t\t<\/div>\n\t\t<\/div>\n\t\t\t\t<div class=\"elementor-column elementor-col-50 elementor-inner-column elementor-element elementor-element-1314d30\" data-id=\"1314d30\" data-element_type=\"column\" data-e-type=\"column\">\n\t\t\t<div class=\"elementor-widget-wrap elementor-element-populated\">\n\t\t\t\t\t\t<div class=\"elementor-element elementor-element-43ae7f0 elementor-widget elementor-widget-image\" data-id=\"43ae7f0\" data-element_type=\"widget\" data-e-type=\"widget\" data-widget_type=\"image.default\">\n\t\t\t\t<div class=\"elementor-widget-container\">\n\t\t\t\t\t\t\t\t\t\t\t\t\t\t\t<img decoding=\"async\" width=\"551\" height=\"273\" src=\"https:\/\/resomag.cl\/wp-content\/uploads\/2021\/04\/logoacre2.png\" class=\"attachment-large size-large wp-image-322\" alt=\"\" srcset=\"https:\/\/resomag.cl\/wp-content\/uploads\/2021\/04\/logoacre2.png 551w, https:\/\/resomag.cl\/wp-content\/uploads\/2021\/04\/logoacre2-300x149.png 300w\" sizes=\"(max-width: 551px) 100vw, 551px\" \/>\t\t\t\t\t\t\t\t\t\t\t\t\t\t\t<\/div>\n\t\t\t\t<\/div>\n\t\t\t\t\t<\/div>\n\t\t<\/div>\n\t\t\t\t\t<\/div>\n\t\t<\/section>\n\t\t\t\t\t<\/div>\n\t\t<\/div>\n\t\t\t\t\t<\/div>\n\t\t<\/section>\n\t\t\t\t<\/div>\n\t\t","protected":false},"excerpt":{"rendered":"<p>Nosotros Qui\u00e9nes Somos Buscamos la excelencia en atenci\u00f3n y servicio Resomag es un moderno centro de Imagenolog\u00eda en el campo de la salud, que brinda servicios integrales a nuestros pacientes en Antofagasta desde el 2011, procurando atender y satisfacer las necesidades de cientos de personas que concurren a nuestras modernas instalaciones para obtener resultados e [&hellip;]<\/p>\n","protected":false},"author":1,"featured_media":0,"parent":0,"menu_order":0,"comment_status":"closed","ping_status":"closed","template":"","meta":{"footnotes":""},"class_list":["post-289","page","type-page","status-publish","hentry"],"yoast_head":"<!-- This site is optimized with the Yoast SEO plugin v27.4 - https:\/\/yoast.com\/product\/yoast-seo-wordpress\/ -->\n<title>Nosotros - Resomag<\/title>\n<meta name=\"robots\" content=\"index, follow, max-snippet:-1, max-image-preview:large, max-video-preview:-1\" \/>\n<link rel=\"canonical\" href=\"https:\/\/resomag.cl\/?page_id=289\" \/>\n<meta property=\"og:locale\" content=\"es_ES\" \/>\n<meta property=\"og:type\" content=\"article\" \/>\n<meta property=\"og:title\" content=\"Nosotros - Resomag\" \/>\n<meta property=\"og:description\" content=\"Nosotros Qui\u00e9nes Somos Buscamos la excelencia en atenci\u00f3n y servicio Resomag es un moderno centro de Imagenolog\u00eda en el campo de la salud, que brinda servicios integrales a nuestros pacientes en Antofagasta desde el 2011, procurando atender y satisfacer las necesidades de cientos de personas que concurren a nuestras modernas instalaciones para obtener resultados e [&hellip;]\" \/>\n<meta property=\"og:url\" content=\"https:\/\/resomag.cl\/?page_id=289\" \/>\n<meta property=\"og:site_name\" content=\"Resomag\" \/>\n<meta property=\"article:modified_time\" content=\"2021-05-08T04:43:39+00:00\" \/>\n<meta property=\"og:image\" content=\"http:\/\/resomag.cl\/wp-content\/uploads\/2021\/05\/DSC8438-1.jpg\" \/>\n<meta name=\"twitter:card\" content=\"summary_large_image\" \/>\n<meta name=\"twitter:label1\" content=\"Tiempo de lectura\" \/>\n\t<meta name=\"twitter:data1\" content=\"1 minuto\" \/>\n<script type=\"application\/ld+json\" class=\"yoast-schema-graph\">{\"@context\":\"https:\\\/\\\/schema.org\",\"@graph\":[{\"@type\":\"WebPage\",\"@id\":\"https:\\\/\\\/resomag.cl\\\/?page_id=289\",\"url\":\"https:\\\/\\\/resomag.cl\\\/?page_id=289\",\"name\":\"Nosotros - Resomag\",\"isPartOf\":{\"@id\":\"https:\\\/\\\/resomag.cl\\\/#website\"},\"primaryImageOfPage\":{\"@id\":\"https:\\\/\\\/resomag.cl\\\/?page_id=289#primaryimage\"},\"image\":{\"@id\":\"https:\\\/\\\/resomag.cl\\\/?page_id=289#primaryimage\"},\"thumbnailUrl\":\"http:\\\/\\\/resomag.cl\\\/wp-content\\\/uploads\\\/2021\\\/05\\\/DSC8438-1.jpg\",\"datePublished\":\"2021-04-25T05:36:10+00:00\",\"dateModified\":\"2021-05-08T04:43:39+00:00\",\"breadcrumb\":{\"@id\":\"https:\\\/\\\/resomag.cl\\\/?page_id=289#breadcrumb\"},\"inLanguage\":\"es\",\"potentialAction\":[{\"@type\":\"ReadAction\",\"target\":[\"https:\\\/\\\/resomag.cl\\\/?page_id=289\"]}]},{\"@type\":\"ImageObject\",\"inLanguage\":\"es\",\"@id\":\"https:\\\/\\\/resomag.cl\\\/?page_id=289#primaryimage\",\"url\":\"http:\\\/\\\/resomag.cl\\\/wp-content\\\/uploads\\\/2021\\\/05\\\/DSC8438-1.jpg\",\"contentUrl\":\"http:\\\/\\\/resomag.cl\\\/wp-content\\\/uploads\\\/2021\\\/05\\\/DSC8438-1.jpg\"},{\"@type\":\"BreadcrumbList\",\"@id\":\"https:\\\/\\\/resomag.cl\\\/?page_id=289#breadcrumb\",\"itemListElement\":[{\"@type\":\"ListItem\",\"position\":1,\"name\":\"Home\",\"item\":\"https:\\\/\\\/resomag.cl\\\/\"},{\"@type\":\"ListItem\",\"position\":2,\"name\":\"Nosotros\"}]},{\"@type\":\"WebSite\",\"@id\":\"https:\\\/\\\/resomag.cl\\\/#website\",\"url\":\"https:\\\/\\\/resomag.cl\\\/\",\"name\":\"Resomag\",\"description\":\"Centro de im\u00e1genes avanzada\",\"publisher\":{\"@id\":\"https:\\\/\\\/resomag.cl\\\/#organization\"},\"potentialAction\":[{\"@type\":\"SearchAction\",\"target\":{\"@type\":\"EntryPoint\",\"urlTemplate\":\"https:\\\/\\\/resomag.cl\\\/?s={search_term_string}\"},\"query-input\":{\"@type\":\"PropertyValueSpecification\",\"valueRequired\":true,\"valueName\":\"search_term_string\"}}],\"inLanguage\":\"es\"},{\"@type\":\"Organization\",\"@id\":\"https:\\\/\\\/resomag.cl\\\/#organization\",\"name\":\"Resomag\",\"url\":\"https:\\\/\\\/resomag.cl\\\/\",\"logo\":{\"@type\":\"ImageObject\",\"inLanguage\":\"es\",\"@id\":\"https:\\\/\\\/resomag.cl\\\/#\\\/schema\\\/logo\\\/image\\\/\",\"url\":\"https:\\\/\\\/resomag.cl\\\/wp-content\\\/uploads\\\/2021\\\/04\\\/logo-reso.png\",\"contentUrl\":\"https:\\\/\\\/resomag.cl\\\/wp-content\\\/uploads\\\/2021\\\/04\\\/logo-reso.png\",\"width\":231,\"height\":61,\"caption\":\"Resomag\"},\"image\":{\"@id\":\"https:\\\/\\\/resomag.cl\\\/#\\\/schema\\\/logo\\\/image\\\/\"}}]}<\/script>\n<!-- \/ Yoast SEO plugin. -->","yoast_head_json":{"title":"Nosotros - Resomag","robots":{"index":"index","follow":"follow","max-snippet":"max-snippet:-1","max-image-preview":"max-image-preview:large","max-video-preview":"max-video-preview:-1"},"canonical":"https:\/\/resomag.cl\/?page_id=289","og_locale":"es_ES","og_type":"article","og_title":"Nosotros - Resomag","og_description":"Nosotros Qui\u00e9nes Somos Buscamos la excelencia en atenci\u00f3n y servicio Resomag es un moderno centro de Imagenolog\u00eda en el campo de la salud, que brinda servicios integrales a nuestros pacientes en Antofagasta desde el 2011, procurando atender y satisfacer las necesidades de cientos de personas que concurren a nuestras modernas instalaciones para obtener resultados e [&hellip;]","og_url":"https:\/\/resomag.cl\/?page_id=289","og_site_name":"Resomag","article_modified_time":"2021-05-08T04:43:39+00:00","og_image":[{"url":"http:\/\/resomag.cl\/wp-content\/uploads\/2021\/05\/DSC8438-1.jpg","type":"","width":"","height":""}],"twitter_card":"summary_large_image","twitter_misc":{"Tiempo de lectura":"1 minuto"},"schema":{"@context":"https:\/\/schema.org","@graph":[{"@type":"WebPage","@id":"https:\/\/resomag.cl\/?page_id=289","url":"https:\/\/resomag.cl\/?page_id=289","name":"Nosotros - Resomag","isPartOf":{"@id":"https:\/\/resomag.cl\/#website"},"primaryImageOfPage":{"@id":"https:\/\/resomag.cl\/?page_id=289#primaryimage"},"image":{"@id":"https:\/\/resomag.cl\/?page_id=289#primaryimage"},"thumbnailUrl":"http:\/\/resomag.cl\/wp-content\/uploads\/2021\/05\/DSC8438-1.jpg","datePublished":"2021-04-25T05:36:10+00:00","dateModified":"2021-05-08T04:43:39+00:00","breadcrumb":{"@id":"https:\/\/resomag.cl\/?page_id=289#breadcrumb"},"inLanguage":"es","potentialAction":[{"@type":"ReadAction","target":["https:\/\/resomag.cl\/?page_id=289"]}]},{"@type":"ImageObject","inLanguage":"es","@id":"https:\/\/resomag.cl\/?page_id=289#primaryimage","url":"http:\/\/resomag.cl\/wp-content\/uploads\/2021\/05\/DSC8438-1.jpg","contentUrl":"http:\/\/resomag.cl\/wp-content\/uploads\/2021\/05\/DSC8438-1.jpg"},{"@type":"BreadcrumbList","@id":"https:\/\/resomag.cl\/?page_id=289#breadcrumb","itemListElement":[{"@type":"ListItem","position":1,"name":"Home","item":"https:\/\/resomag.cl\/"},{"@type":"ListItem","position":2,"name":"Nosotros"}]},{"@type":"WebSite","@id":"https:\/\/resomag.cl\/#website","url":"https:\/\/resomag.cl\/","name":"Resomag","description":"Centro de im\u00e1genes avanzada","publisher":{"@id":"https:\/\/resomag.cl\/#organization"},"potentialAction":[{"@type":"SearchAction","target":{"@type":"EntryPoint","urlTemplate":"https:\/\/resomag.cl\/?s={search_term_string}"},"query-input":{"@type":"PropertyValueSpecification","valueRequired":true,"valueName":"search_term_string"}}],"inLanguage":"es"},{"@type":"Organization","@id":"https:\/\/resomag.cl\/#organization","name":"Resomag","url":"https:\/\/resomag.cl\/","logo":{"@type":"ImageObject","inLanguage":"es","@id":"https:\/\/resomag.cl\/#\/schema\/logo\/image\/","url":"https:\/\/resomag.cl\/wp-content\/uploads\/2021\/04\/logo-reso.png","contentUrl":"https:\/\/resomag.cl\/wp-content\/uploads\/2021\/04\/logo-reso.png","width":231,"height":61,"caption":"Resomag"},"image":{"@id":"https:\/\/resomag.cl\/#\/schema\/logo\/image\/"}}]}},"_links":{"self":[{"href":"https:\/\/resomag.cl\/index.php?rest_route=\/wp\/v2\/pages\/289","targetHints":{"allow":["GET"]}}],"collection":[{"href":"https:\/\/resomag.cl\/index.php?rest_route=\/wp\/v2\/pages"}],"about":[{"href":"https:\/\/resomag.cl\/index.php?rest_route=\/wp\/v2\/types\/page"}],"author":[{"embeddable":true,"href":"https:\/\/resomag.cl\/index.php?rest_route=\/wp\/v2\/users\/1"}],"replies":[{"embeddable":true,"href":"https:\/\/resomag.cl\/index.php?rest_route=%2Fwp%2Fv2%2Fcomments&post=289"}],"version-history":[{"count":37,"href":"https:\/\/resomag.cl\/index.php?rest_route=\/wp\/v2\/pages\/289\/revisions"}],"predecessor-version":[{"id":579,"href":"https:\/\/resomag.cl\/index.php?rest_route=\/wp\/v2\/pages\/289\/revisions\/579"}],"wp:attachment":[{"href":"https:\/\/resomag.cl\/index.php?rest_route=%2Fwp%2Fv2%2Fmedia&parent=289"}],"curies":[{"name":"wp","href":"https:\/\/api.w.org\/{rel}","templated":true}]}}